 the highest common factor of 191601 and 2536881?
1047
What is the greatest common divisor of 36401778 and 567?
189
What is the greatest common divisor of 522 and 26478?
18
Calculate the highest common divisor of 5982736 and 32.
16
Calculate the greatest common factor of 12155656 and 1272.
424
What is the highest common divisor of 75 and 16055575?
25
Calculate the highest common divisor of 66 and 25737899.
11
Calculate the highest common factor of 611634464 and 32.
32
Calculate the greatest common factor of 26190124 and 17992.
692
Calculate the greatest common factor of 69092 and 11.
1
What is the highest common divisor of 78 and 2914392?
78
What is the highest common factor of 1108973 and 247?
19
What is the greatest common factor of 7221 and 62176?
29
Calculate the highest common factor of 138 and 374178237.
69
What is the greatest common factor of 276353 and 149369?
407
Calculate the highest common factor of 235528 and 18054.
118
Calculate the highest common divisor of 3070426 and 12617.
31
Calculate the greatest common factor of 58738094 and 10268.
5134
Calculate the highest common factor of 60803920 and 3278.
298
Calculate the greatest common factor of 5776 and 88388.
76
What is the highest common factor of 29119108 and 17372?
404
Calculate the greatest common divisor of 28476558 and 990.
198
Calculate the highest common factor of 45637 and 1343864.
971
What is the highest common factor of 288 and 33892752?
48
Calculate the greatest common divisor of 126111 and 13335.
381
Calculate the highest common divisor of 92907 and 23047929.
999
What is the highest common factor of 27188 and 8812796?
3884
Calculate the greatest common factor of 1010 and 2150795.
505
Calculate the highest common factor of 600295709 and 9386.
4693
What is the greatest common divisor of 94 and 14011499?
47
What is the greatest common divisor of 5859 and 14121?
27
Calculate the greatest common divisor of 2324 and 26908.
28
What is the greatest common factor of 84723840 and 243?
27
Calculate the highest common factor of 1628 and 253113300.
1628
Calculate the highest common divisor of 28 and 1329354922.
14
What is the highest common divisor of 57521779 and 8631?
959
What is the highest common factor of 13 and 120412?
1
Calculate the highest common divisor of 234 and 55880478.
18
What is the greatest common factor of 1216 and 2007692?
76
What is the greatest common divisor of 216991675 and 85019?
7729
What is the greatest common factor of 35 and 6038221?
7
What is the highest common factor of 1176784866 and 18?
18
What is the highest common divisor of 32776 and 2061522?
34
Calculate the highest common divisor of 12537299 and 341.
31
Calculate the highest common factor of 465057 and 39.
3
What is the greatest common factor of 380 and 924280?
20
Calculate the greatest common factor of 66 and 31226217.
33
What is the greatest common divisor of 19499 and 3584375?
1147
Calculate the greatest common factor of 93 and 91989679.
31
What is the highest common divisor of 258441 and 119424?
933
Calculate the highest common divisor of 3060 and 25886220.
60
Calculate the greatest common divisor of 303414 and 183209.
829
What is the highest common divisor of 7686048 and 168?
24
Calculate the highest common divisor of 54044676 and 6048.
252
Calculate the highest common divisor of 2355661939 and 173.
173
Calculate the greatest common factor of 60 and 42836000.
20
Calculate the greatest common factor of 1486 and 122379530.
1486
Calculate the highest common divisor of 2009898 and 324.
18
Calculate the greatest common divisor of 1586 and 91100206.
122
Calculate the greatest common factor of 8961 and 626343.
309
What is the greatest common factor of 3084 and 193230076?
1028
Calculate the highest common divisor of 923 and 88504.
13
Calculate the greatest common factor of 16215 and 3285159.
3243
What is the greatest common factor of 585 and 2945709?
117
Calculate the highest common divisor of 64390 and 597594.
274
Calculate the highest common factor of 8931450 and 206250.
1650
What is the highest common divisor of 209880 and 1126620?
1980
Calculate the highest common factor of 9274320 and 2906640.
7920
What is the greatest common divisor of 116190 and 117?
9
What is the greatest common divisor of 9269 and 53890679?
713
Calculate the highest common divisor of 303 and 18541883.
101
What is the highest common factor of 192523524 and 5198?
5198
Calculate the greatest common factor of 225 and 5586350.
25
What is the greatest common factor of 9600 and 99936960?
960
What is the greatest common divisor of 119 and 3497053?
119
Calculate the highest common divisor of 270231 and 9477.
39
What is the greatest common divisor of 6909795 and 2910?
1455
Calculate the greatest common divisor of 353 and 15456811.
353
Calculate the highest common divisor of 303 and 37974283.
101
What is the highest common divisor of 264788 and 15476?
212
Calculate the greatest common factor of 4408 and 6396008.
4408
What is the highest common divisor of 9 and 481167081?
9
Calculate the greatest common divisor of 1343 and 92327.
17
What is the highest common factor of 128613609 and 27?
27
What is the highest common factor of 1015 and 102830868?
203
Calculate the highest common divisor of 626045 and 28889.
7
Calculate the greatest common divisor of 61140 and 299940.
60
Calculate the greatest common factor of 8272181 and 127949.
5563
What is the highest common factor of 26 and 4327605334?
26
Calculate the highest common factor of 29619203 and 481.
37
Calculate the greatest common divisor of 3694527 and 10059.
1437
What is the highest common divisor of 4361 and 375340?
49
Calculate the greatest common divisor of 111108 and 7994260.
788
Calculate the greatest common divisor of 17468085 and 5609.
79
Calculate the highest common factor of 184863 and 1183.
7
What is the greatest common factor of 77755509 and 2247?
321
Calculate the highest common factor of 152 and 610424.
8
What is the highest common factor of 32581188 and 30?
6
What is the greatest common factor of 6246340 and 551448?
3404
Calculate the greatest common divisor of 1942248 and 798.
42
What is the highest common divisor of 15680 and 14142380?
980
What is the highest common factor of 137 and 737?
1
What is the highest common factor of 5067462 and 2754?
102
Calculate the greatest common factor of 886 and 30188678.
886
What is the highest common divisor of 5927113 and 2490?
83
What is the highest common divisor of 375749849 and 21524?
5381
Calculate the greatest common factor of 102 and 37164618.
102
What is the highest common factor of 440 and 5671360?
40
Calculate the greatest common factor of 71142072 and 96.
24
Calculate the highest common divisor of 12 and 1450653.
3
Calculate the highest common divisor of 2110240 and 56.
8
What is the highest common factor of 4795580 and 70?
10
What is the highest common factor of 837 and 2145753?
9
Calculate the highest common divisor of 47794152 and 48.
24
Calculate the greatest common divisor of 3501177 and 48.
3
What is the greatest common divisor of 3977341 and 1?
1
What is the highest common factor of 676711 and 188083?
1939
What is the greatest common divisor of 264 and 50511304?
8
What is the highest common factor of 19864525 and 3860?
965
What is the highest common factor of 35508996 and 216?
108
Calculate the highest common divisor of 41316 and 32076.
132
What is the greatest common divisor of 11310 and 1521585?
195
What is the greatest common divisor of 44 and 330519882?
22
What is the greatest common divisor of 7 and 8836723?
7
Calculate the greatest common divisor of 5480 and 16257790.
1370
Calculate the greatest common factor of 11 and 216322260.
11
Calculate the greatest common divisor of 31552 and 902016.
1856
Calculate the highest common divisor of 32 and 10391792.
16
Calculate the greatest common divisor of 312608952 and 144.
72
What is the highest common factor of 166163984 and 112?
112
Calculate the highest common factor of 1560656 and 3973612.
3788
Calculate the highest common factor of 327696383 and 8743.
8743
Calculate the greatest common divisor of 49416 and 6399488.
232
What is the highest common factor of 876244 and 7485?
499
Calculate the greatest common divisor of 319607681 and 92147.
8377
What is the hig